
20
Let q(v) = -7*v**2 + 6*v**2 + 4*v + 24 + 2*v - 5*v. What is the remainder when 94 is divided by q(0)?
22
Let g be 3/(1/((-1)/(-1))). Let n(i) = -i + 6. Calculate the remainder when n(g) is divided by 3.
0
Suppose 35 = 2*a - 3*n, -5*a - 2*n + 33 + 26 = 0. Let l = 86 - 49. What is the remainder when l is divided by a?
11
Let w = 33 - 15. What is the remainder when 33 is divided by w?
15
Calculate the remainder when (-5)/2*88/(-55) is divided by 3.
1
Let p(y) = -2*y**2 - 8*y + 6. What is the remainder when 26 is divided by p(-4)?
2
Suppose 104 = 8*s - 128. What is the remainder when s is divided by 12?
5
Let y(g) = -11*g - 15. What is the remainder when y(-6) is divided by 9?
6
Let k(f) = f - 1. Let o(x) = 147*x - 126. Let l(h) = -126*k(h) + o(h). What is the remainder when 61 is divided by l(1)?
19
Let f(y) = -y**3 - y. Let k(s) = 5*s**3 - 2*s**2 + 3*s - 4. Let v(x) = 4*f(x) + k(x). What is the remainder when 4 is divided by v(3)?
0
Let a = 46 + -30. Let g(t) = -13*t - 8. What is the remainder when g(-3) is divided by a?
15
Let q(v) = -4*v**3 - 2*v**2 + 2*v + 2. Suppose -43 = -4*o + 1. Let c = 1 + o. Calculate the remainder when q(-2) is divided by c.
10
Suppose -345 = 2*g - 7*g. Suppose 4*c + g = 3*n + c, 2*n = -5*c + 25. Let r(p) = p**2 - p + 59. Calculate the remainder when r(0) is divided by n.
19
Suppose -4*j = -2*h - 40, -14 = -3*j + 3*h + 16. Suppose 0*y - j = -2*y. Suppose y*u = -2*g + 45, 3*g - 3 = 12. What is the remainder when 19 is divided by u?
5
Suppose 5*d - 22 = 8. Let g = -7 - -26. What is the remainder when (-4)/d + 170/3 is divided by g?
18
Let q(z) = -z**3 + 9*z**2 - 2*z - 14. Calculate the remainder when q(6) is divided by 17.
14
Let h = 5 + -14. Let b be 3/(((-27)/(-6))/(-3)). Calculate the remainder when (-14)/(h/(-6) + b) is divided by 10.
8
Let f(g) = -14*g - 4. Let z be f(-4). Suppose -4*y = -0*y + z. Calculate the remainder when 31 is divided by (-5 - -3) + y/(-1).
9
Let v(s) = s**3 + 5*s**2 - 7*s - 6. Let u be v(-6). Calculate the remainder when 69 is divided by 18 - u*(3 - 2).
15
Let g = -10 - -14. Let y(h) = h**2 + h - 3. What is the remainder when 33 is divided by y(g)?
16
Suppose 0 = -4*t + 5*t. Suppose -f - f - 8 = t. Let c = 41 + f. What is the remainder when c is divided by 13?
11
Suppose -16*a + 12*a = -532. What is the remainder when a is divided by 9?
7
Suppose 3*j - 28 + 7 = 0. Let u(w) = w + 2. Calculate the remainder when 26 is divided by u(j).
8
Suppose -2*m = -3*p + 145, -2*p - 80 = -4*p - 2*m. Let r = p + -21. Calculate the remainder when 95 is divided by r.
23
Let y(p) = -p**3 - 7*p**2 - 10*p - 6. Let x(s) = s**2 + 19. Let v be x(0). Suppose 2*w - 49 = v. Calculate the remainder when w is divided by y(-6).
16
Let w(a) = a**2 - 4*a. Calculate the remainder when w(5) is divided by 3.
2
Suppose 2*b + b + 4*m + 10 = 0, 2 = -b - m. Calculate the remainder when b is divided by 24/10 + (-2)/5.
0
Let y = 141 - 98. Calculate the remainder when y is divided by 22.
21
Suppose 32 = -5*g + 4*h, -g - 4*h + 1 = -7. Let m = 11 - g. Suppose 3*p - 2*k = 76 + 7, -4*p - 2*k + 120 = 0. What is the remainder when p is divided by m?
14
Let g(l) = -2*l**2 - 4*l + 6. Let w be g(-4). Let v = 31 + w. What is the remainder when 82 is divided by v?
19
Let i(k) = k**2 - 7*k + 11. What is the remainder when i(9) is divided by 11?
7
Let u be (0/(-2)*1)/(-1). Let y(w) = -5*w + w**2 + u*w**2 + 7*w - 5. Calculate the remainder when 5 is divided by y(-4).
2
Let v = -78 - -91. Calculate the remainder when 24 is divided by v.
11
Let j = 0 - 0. Suppose 8 = 2*m - j. Suppose m = -3*d + 4*d. Calculate the remainder when 10 is divided by d.
2
Let q = -14 + 23. Let a = q + -7. Suppose p - a*p = -7. Calculate the remainder when p is divided by 3.
1
Let f = 12 - -24. Calculate the remainder when 249 is divided by f.
33
Let k be -5 + 11 + 0 + -1. Suppose 2*l + r - 70 = -2*l, 8 = l + k*r. What is the remainder when 71 is divided by l?
17
Let n = -5 + 7. Suppose 0 = -3*q + 2*q + n. Calculate the remainder when 4 is divided by q.
0
Suppose 62 = 2*r + 8. Calculate the remainder when 76 is divided by r.
22
Suppose d + 4*a + 19 = 4*d, -5*d - 5*a = -20. Let z(w) = -w + 4. Let k be z(d). Let i = 4 - k. What is the remainder when i is divided by 2?
1
Suppose g - 3*g = -54. Suppose 6*j = 5*j - 8. Let l(r) = r**3 + 9*r**2 + 6*r - 2. Calculate the remainder when g is divided by l(j).
13
Suppose -2*a + 3*l + 7 = 0, 3*a - 5 = a + 5*l. Let x(q) = 2*q**2 - 5*q + 6. Calculate the remainder when x(a) is divided by 16.
15
Suppose 0 = 2*z - z - 5*p + 17, 31 = -5*z - 2*p. Let g = z - -24. Calculate the remainder when 49 is divided by g.
15
Let h be (9/12)/(6/16). Suppose o - 2*o - 3 = 0, -3*k = -h*o - 153. What is the remainder when k is divided by 13?
10
Suppose -2*a = -r - 7, -4*a - 4*r - 19 + 3 = 0. What is the remainder when 3 is divided by a?
0
Let i = -129 + 222. What is the remainder when i is divided by 24?
21
Suppose -2*m = 7 + 3. Let l = m + 13. What is the remainder when -1*46/4*-2 is divided by l?
7
Let y = -11 - -11. Suppose -5*r + 85 + 5 = y. Calculate the remainder when 53 is divided by r.
17
Suppose -g = -5 - 35. Let b(p) = 2*p. Let i be b(0). Suppose i*j + 14 = j. What is the remainder when g is divided by j?
12
Suppose -7*j + 60 = -2*j. What is the remainder when 33 is divided by j?
9
Suppose 0 = 4*f + 4*m - 340, f - m = 3*f - 174. Calculate the remainder when f is divided by 23.
20
Let o(n) = 2*n**3 - 2*n**2 - 2*n - 4. Suppose -r + 5 = -4. What is the remainder when o(3) is divided by r?
8
Let t be (6/10)/(2/10). Let w be 0/(t/(6/(-4))). Suppose -6*r + 2*r + 20 = w. What is the remainder when 9 is divided by r?
4
Let h = -4 - -9. Suppose -h*u + 29 = -36. Calculate the remainder when u is divided by 5.
3
What is the remainder when -10*4/8*(0 + -21) is divided by 28?
21
Suppose -m = -5*u + 32, 4*u - 53 = 5*m + 2. Let z = 13 + m. What is the remainder when 22 is divided by z?
4
Suppose -83 = -2*w + 23. Suppose -3*m = -4*d - 34, -5*d = -5*m - 2*d + w. What is the remainder when 37 is divided by m?
7
Let g(w) = w**3 - 19*w**2 - 19*w + 21. What is the remainder when g(20) is divided by 7?
6
Suppose g - 6 = -5. Let i be (g/2)/(2/32). Let n = i - 6. What is the remainder when 3 is divided by n?
1
Suppose 2*k = -2*k + 112. Let x = -2 - 24. Let w = x + 41. What is the remainder when k is divided by w?
13
Let m(q) be the first derivative of q**3/3 + 3*q**2/2 + 6*q - 2. Calculate the remainder when 38 is divided by m(-4).
8
Let c = 176 - 120. Calculate the remainder when c is divided by 19.
18
Let q = 0 - -44. What is the remainder when q is divided by 12?
8
Suppose 0 = -0*h + 2*h - 2, 2*m = 4*h + 2. Suppose 0 = -0*o + m*o, -4*o = 5*w - 315. Calculate the remainder when w is divided by 16.
15
Let m = -2 + 10. Suppose 0 = 2*u - m + 2. Suppose 0 = g - 5*n + n - 26, 4*g = 2*n + 48. Calculate the remainder when g is divided by u.
1
Suppose 4*w - 9 + 1 = 0. Suppose 4*c - 1 = 11. What is the remainder when (w - 0)*(1 - -3) is divided by c?
2
Suppose -17*r + 5*r = -192. What is the remainder when 31 is divided by r?
15
Suppose -6*w = -3*w - 162. What is the remainder when w is divided by 11?
10
Let f(p) = -3*p - 1. Let x(w) = 2*w - 10. Calculate the remainder when f(-10) is divided by x(10).
9
Let u(y) = 17*y + 14. Let r(o) = 6*o + 5. Let t(w) = 11*r(w) - 4*u(w). Calculate the remainder when t(-6) is divided by 4.
3
Suppose -44 + 144 = 4*r. Calculate the remainder when 86 is divided by r.
11
What is the remainder when (0 + -26)*(-3)/6 is divided by (-66)/(-8) - 11/(2 + 42)?
5
Suppose -5*c + 36 = -2*c. Calculate the remainder when (-3 - (-100)/2) + 0 is divided by c.
11
Let z = -85 + 119. Let b(p) = p + 3. What is the remainder when z is divided by b(9)?
10
Suppose 20*q = 19*q + 37. What is the remainder when 147 is divided by q?
36
Suppose 2*f + 0*f + 2*q = 68, 5*q = 4*f - 109. Calculate the remainder when f is divided by 16.
15
Suppose 2*v = -r + 65 - 6, 4*v - 289 = -5*r. What is the remainder when r is divided by 20?
17
Let a(m) = -m**3 + 3*m**2 - 2. Suppose -f - 4*f + 10 = 0. Calculate the remainder when (2 - 6 - -3)*-5 is divided by a(f).
1
Let x(t) = -5*t**3 - 2*t**2 - 3*t + 1. Calculate the remainder when x(-2) is divided by 8.
7
Let j(k) = -k**3 - 5*k*